n base 12, what is 170 + -9959a?
-9942a
In base 7, what is -1061101042 - 1?
-1061101043
In base 16, what is 3e7a25 + 0?
3e7a25
In base 16, what is -16b8c2 - 0?
-16b8c2
In base 10, what is 18823 - 15?
18808
In base 14, what is -79 - -29716?
2967b
In base 8, what is 102117 - 3653?
76244
In base 3, what is 10 - -101222110020102?
101222110020112
In base 8, what is 3 + 157130152?
157130155
In base 6, what is -4 - 1245342302?
-1245342310
In base 10, what is -966 - -232406?
231440
In base 13, what is 0 + -370486?
-370486
In base 11, what is 6338353 + 4?
6338357
In base 4, what is 20013303 - -322?
20020231
In base 16, what is 19 - 86993d?
-869924
In base 13, what is -1499 - -1391?
-108
In base 2, what is 1101011000 - 10001100000001011?
-10001010010110011
In base 6, what is -1010312 - -34?
-1010234
In base 9, what is -27 - -22785657?
22785630
In base 12, what is 92 + -14324?
-14252
In base 2, what is 100 + -11011011011001001111?
-11011011011001001011
In base 8, what is -3003637 + -137?
-3003776
In base 11, what is 2227a4 + -3465?
21a33a
In base 8, what is 5410 - 2561?
2627
In base 13, what is -2 + -b36612b?
-b366130
In base 16, what is -2 + 801019?
801017
In base 10, what is -25422 - -9163?
-16259
In base 3, what is 1200102102102122 + -2?
1200102102102120
In base 9, what is -4622825 + 230?
-4622585
In base 8, what is 446 - 525577?
-525131
In base 5, what is -1211 + -44031?
-100242
In base 6, what is 4312 - 25210?
-20454
In base 4, what is 1230220 - -211203?
2102023
In base 5, what is 4 - 200031144411?
-200031144402
In base 12, what is -2121 - 21543?
-23664
In base 4, what is -102213001211232 - -3?
-102213001211223
In base 11, what is -1 - -6a34a2?
6a34a1
In base 15, what is 3 + aab5686?
aab5689
In base 7, what is 3 + -1111052112?
-1111052106
In base 9, what is -245 - 1623827?
-1624173
In base 15, what is 61 + -27b2a6?
-27b245
In base 14, what is -16 + -87b05?
-87b1b
In base 6, what is 1421212 - -10?
1421222
In base 4, what is -103211020323 - -33?
-103211020230
In base 12, what is -2275 - 2146?
-43bb
In base 12, what is -134b3 - -13?
-134a0
In base 13, what is 9b110 + 13?
9b123
In base 9, what is 241128 + -10202?
230826
In base 12, what is -6 - -1b73830?
1b73826
In base 2, what is -100011111 - 10101010100?
-11001110011
In base 3, what is 1001220221002010 + 10?
1001220221002020
In base 4, what is 20130030222 - -12331?
20130103213
In base 10, what is 9918979 - -2?
9918981
In base 8, what is -10716 - -24122?
13204
In base 5, what is -30 - 1120433323?
-1120433403
In base 12, what is -2707 + 26b8?
-b
In base 13, what is 0 - -38c0862?
38c0862
In base 11, what is 39953 - a2?
39861
In base 4, what is -3022 - -220332031?
220323003
In base 4, what is -22201233312232 - 1?
-22201233312233
In base 16, what is -748 + 2af16?
2a7ce
In base 9, what is -1504742340 + -3?
-1504742343
In base 9, what is 26074817 - 4?
26074813
In base 15, what is -954b9 - 2?
-954bb
In base 2, what is 1001000000000111011 - 11000001?
1000111111101111010
In base 7, what is 3331 + -110565?
-104234
In base 6, what is -10433 + 4553?
-1440
In base 9, what is 33185 + -32?
33153
In base 4, what is -20231000313320 - -1?
-20231000313313
In base 7, what is -20 - 153052240?
-153052260
In base 8, what is 2 + -332175364?
-332175362
In base 14, what is 27982 + 20?
279a2
In base 14, what is 15 + 841827?
84183c
In base 2, what is -1 - 11010100000000101011100110?
-11010100000000101011100111
In base 15, what is a802 - -1?
a803
In base 7, what is 1201 + 1132330?
1133531
In base 6, what is 3112103 + 24?
3112131
In base 11, what is 6 + 24620?
24626
In base 2, what is 10111101110001101 + 101111?
10111101110111100
In base 10, what is -7174451 + -10?
-7174461
In base 13, what is -2 + 88aa?
88a8
In base 3, what is -11 + 2221220202211?
2221220202200
In base 3, what is -2012000000210122 - -1?
-2012000000210121
In base 9, what is -1157 - -23088?
21831
In base 2, what is 100000000000010001101001010 + 1000?
100000000000010001101010010
In base 2, what is 0 - 1110010110010110011110011?
-1110010110010110011110011
In base 3, what is -12 - -220012021212021?
220012021212002
In base 9, what is 86777 + -5?
86772
In base 8, what is 4003017473 + 5?
4003017500
In base 3, what is 111200210 - -21212222?
210120202
In base 2, what is -1010 + -1001101101001110011100?
-1001101101001110100110
In base 7, what is 104301 - -1500?
106101
In base 4, what is -13003112012 + -2?
-13003112020
In base 4, what is -30113002 - 121232?
-30300300
In base 2, what is 111101000001101101010 - 100?
111101000001101100110
In base 3, what is 122121002111211 + 10?
122121002111221
In base 8, what is 466 - 5116423?
-5115735
In base 14, what is -9dba85 + 35?
-9dba50
In base 13, what is 15827 - -231?
15a58
In base 7, what is -2203 + -3043540?
-3046043
In base 15, what is 1c58 + -2de?
1969
In base 14, what is 1c78dd23 + 4?
1c78dd27
In base 12, what is 190698 - -53?
19072b
In base 6, what is -135251025 + 15?
-135251010
In base 13, what is 18cb + 33006?
34904
In base 8, what is -155331 + 340?
-154771
In base 4, what is 110112 - 23111220?
-23001102
In base 7, what is -33043 + 45045?
12002
In base 12, what is 172 + 3a365?
3a517
In base 15, what is 1732802 - -61?
1732863
In base 11, what is -3 - -3478764?
3478761
In base 11, what is -2 - 544763?
-544765
In base 16, what is 5 - 61a5585?
-61a5580
In base 16, what is 248 + -5e80?
-5c38
In base 12, what is -73246a - -3?
-732467
In base 9, what is 6316 + 18853?
26270
In base 5, what is 20402421 - -14234?
20422210
In base 6, what is -2204221115 - 4?
-2204221123
In base 15, what is -12cd - -369?
-e64
In base 3, what is 111211 - -202111120112?
202112002100
In base 3, what is 2110 + -1100222012022?
-1100222002212
In base 8, what is 25173204 + -2?
25173202
In base 3, what is 120 + -20120001002222100?
-20120001002221210
In base 6, what is 42302110 - 351?
42301315
In base 14, what is -3948789 - 5?
-3948790
In base 13, what is -51c8c + 36?
-51c56
In base 15, what is -87353a - 0?
-87353a
In base 10, what is -35 + -200816?
-200851
In base 11, what is -a9 - 211464?
-211562
In base 4, what is 13312000212 - -111?
13312000323
In base 10, what is -5826 + 2764?
-3062
In base 13, what is 170c6 + -1177?
15c4c
In base 5, what is 13134414342 - 230?
13134414112
In base 12, what is -99 + -3739?
-3816
In base 12, what is -2465 + aa01?
8558
In base 13, what is -97 + 43a3c?
43975
In base 4, what is -2023331233113 - -10?
-2023331233103
In base 16, what is -4057b - 12?
-4058d
In base 2, what is 10000001011000 - 1111010100101010?
-1101010011010010
In base 7, what is -12554456 + -6?
-12554465
In base 14, what is -bd - -198da?
1981b
In base 15, what is 0 + -40c46?
-40c46
In base 5, what is 131314212332 + -10?
131314212322
In base 12, what is 23931a + 4?
239322
In base 15, what is 5e55 + -2c6a?
31da
In base 2, what is 0 + 110011101101010001111001?
110011101101010001111001
In base 8, what is -53 + 1122701?
1122626
In base 16, what is -351d - 3d5?
-38f2
In base 12, what is -51047 - 1609?
-52654
In base 4, what is 20223133013 - 13?
20223133000
In base 9, what is -8314131 + -64?
-8314205
In base 13, what is -1939 - -b284?
9648
In base 15, what is 15bb - ba9?
912
In base 12, what is 4 - a1b396?
-a1b392
In base 5, what is 0 + -3012122423?
-3012122423
In base 8, what is -413356 - -66?
-413270
In base 16, what is 2 + 144ed9f?
144eda1
In base 12, what is -239346a - -a?
-2393460
In base 3, what is 102 - -21201201101012?
21201201101121
In base 5, what is -42130142 + -230?
-42130422
In base 6, what is -55204443 - -44?
-55204355
In base 7, what is -12 + -2055521?
-2055533
In base 4, what is 2303002113 - 30?
2303002023
In base 10, what is -12914584 - 5?
-12914589
In base 15, what is 2db4 - -3c3?
3287
In base 13, what is 3 - -3aabc08?
3aabc0b
In base 16, what is -2dad36 - -64?
-2dacd2
In base 10, what is -1187290 + 102?
-1187188
In base 4, what is 3 + 3212200022010?
3212200022013
In base 6, what is -1 - 25520055?
-25520100
In base 10, what is -55539217 - -5?
-55539212
In base 8, what is 44303 + -1371?
42712
In base 9, what is 5 - 221106552?
-221106546
In base 10, what is 1131 + 5124?
6255
In base 3, what is -2112 - -12001210010?
12001200121
In base 8, what is 7252 + -236240?
-226766
In base 6, what is 15455221 - 13?
15455204
In base 11, what is -1256747 + 21?
-1256726
